vative of -2*i**3/3 + 4*i**2 + 23*i + 1966. What is t(9)?
-67
Let l(s) be the third derivative of s**4/12 + s**3/2 + 3*s**2. Let q(n) = n**2 - 7*n + 6. Let g be q(5). Let h be (-25)/15*(-12)/g. Determine l(h).
-7
Let l(c) = -8*c**3 + 6*c**2 + 7*c + 1. Let h(f) = 7*f**3 - 4*f**2 - 6*f - 1. Let n(b) = -5*h(b) - 4*l(b). Calculate n(1).
-4
Let n(d) = -4 + 592*d + 599*d - 13*d**3 - 1786*d - 2*d**2 + 592*d + 11*d**3. Give n(-2).
10
Let b(d) be the first derivative of d**2 + 21/4*d**4 + 195 + 0*d**3 - d. Calculate b(1).
22
Let o(u) be the first derivative of -3*u**2/2 - 6*u + 1. Suppose 219 = -12*k + 195. Let z(y) = 16*y + 31. Let t(q) = k*z(q) - 11*o(q). Give t(-4).
0
Let p = -5 + 3. Let i(o) = 2*o**2 - o - 7. Suppose 3*r + t = 10, 5*r + 2*t - 20 = t. Let f(q) = q**2 - 4. Let u(c) = r*f(c) - 3*i(c). What is u(p)?
-9
Let y(b) = 1. Let g(w) = -w + 3. Let h(i) = -2*g(i) + 5*y(i). Let a(n) be the first derivative of 2*n**2 + 2*n - 15. Let t be a(-1). What is h(t)?
-5
Suppose -7*q + 24 = -5*q - 4*y, 0 = 3*q - 3*y - 45. Suppose -27 - 9 = -q*r. Let l(m) = -m - 3. Determine l(r).
-5
Let z(r) be the first derivative of 3*r**2/2 + 8*r - 1. Suppose 0 = 2*a + 2*y - 22, -y - 1 = -2. Suppose 23 = a*v + 103. Give z(v).
-16
Suppose 5*c = r + 33, -c + 4*r = -21 + 3. Let p(j) = j + 9 + c + 5 - 23 + 7. Calculate p(-4).
0
Let a(y) = -2*y**2 + 22*y - 14. Let c be a(14). Let b = c - -163. Let h(j) = -b*j + 136*j + 1 - 69*j. Calculate h(-5).
-9
Let m(s) = -4 + 3 + s + 2*s**3 + 3*s**2 - 7*s**2. Suppose -1282*h + 1315*h = 99. Calculate m(h).
20
Let a(y) = -y**3 + 2*y**2 + 4*y + 7. Let r = 1372 + -1369. Determine a(r).
10
Let z(a) = a**2 - 5*a - 2. Let y(t) = -2*t**2 + 11*t + 5. Let h(q) = 2*y(q) + 5*z(q). Suppose -k + 21 = 5. Let m be k/3 + 8/(-6). Determine h(m).
4
Let j(i) = i**3 + 5*i**2 + i - 1. Let d(f) be the third derivative of f**4/24 - 7*f**3/2 - 12*f**2. Suppose 160 - 7 = 9*k. Let m be d(k). Determine j(m).
11
Suppose 0 = -5*t + 2*w - 4*w + 3, 2*t = -5*w + 18. Let g be (-13)/(-7) + t/(-7). Let m(x) = 2*x**2 - 7*x + 0 + 6*x**g + 9 - x**3 - x**2. What is m(6)?
3
Let t(r) = -r**2 - 3. Let y(a) = 2*a**2 + 222*a + 660. Let n be y(-3). Let s be (-27)/(-6)*(-4)/(-6). Suppose -s*b + n*b = 0. What is t(b)?
-3
Let d(z) = 2*z**2 - 5*z + 10. Let q(p) = 36*p + 4. Let j be q(0). What is d(j)?
22
Suppose 95 = 3*g + 2*p, -4*g - 5*p + 128 = -3*p. Let a = 30 - g. Let l(d) = -11*d**2 + 2*d - 10. Let q(j) = 2*j**2 - j + 2. Let f(w) = l(w) + 5*q(w). Give f(a).
0
Let z(s) = -3*s**3 + 9*s**2 + 45*s + 3. Let c(b) = -4*b**3 + 14*b**2 + 65*b + 5. Let f(y) = -5*c(y) + 7*z(y). Determine f(-4).
-12
Suppose 134 - 385 = 15*k + 424. Let l(h) = -h**3 - 46*h**2 - 48*h - 142. Give l(k).
-7
Let c(y) = 3*y - 5. Let u = 958 - 960. Determine c(u).
-11
Let s(q) = 3*q - 6. Let z(l) = -l + 2. Let a(h) = 2*s(h) + 7*z(h). Suppose 2 - 6 = -r. Let i be r*-2 + (4 - 1). Calculate a(i).
7
Let n = -730 - -803. Let l = n + -82. Let d(x) = x**3 + 9*x**2 - 3. Calculate d(l).
-3
Let v(g) be the second derivative of g**5/20 - 13*g**4/12 - 5*g**3/2 + 3*g**2 - 6*g + 39. What is v(14)?
-8
Let z(x) = -2*x + 6. Let d(o) = -6 + 6 + 5*o - 18. Let c(y) = 3*d(y) + 8*z(y). Let s be 0 + 20/(-14) + 1012/(-644). What is c(s)?
-3
Let d(h) = 4*h - 48. Let i(v) = 3*v**2 + 75*v - 775. Let q be i(8). Determine d(q).
20
Let z(a) = 2*a**2 + 8*a + 6. Let i = 57 + -69. Let y be 58/i + (-15)/90. Calculate z(y).
16
Let r(m) = 2*m**3 - 14*m**2 + 3*m - 11. Let q be (-1*(-336)/8)/6. Calculate r(q).
10
Suppose y + 4*u + 24 = -u, 3*y = -2*u - 7. Let j(k) = -8 - k - y + 32 - 8. Let v = -5 + 15. Give j(v).
5
Let p(u) = -2*u**3 - 17*u**2 - 5*u - 7. Let b(c) = -2*c**3 - 18*c**2 - c - 7. Let x(v) = 4*b(v) - 3*p(v). Determine x(-11).
-7
Let l(u) be the first derivative of -2*u**2 + 10*u - 8. Let j be l(-10). Let b = -49 + j. Let k(n) = 8*n + 1. Determine k(b).
9
Let r = 6 - -1. Let x(f) be the third derivative of f**5/120 - 5*f**4/24 + 229*f**3/3 - 2*f**2 - 169. Let c(s) be the first derivative of x(s). Calculate c(r).
2
Let w(o) = -o**3 - 15*o**2 + 15*o - 20. Let k be (-25 + 1/1)*(308/(-42) + 8). Calculate w(k).
-4
Let a(s) = -1 + 8*s - s**2 + 4*s - 11 - 9. Let u be 2/(-3)*(-9)/2. Let o be a(u). Let y(c) = -c**2 + 8*c + 4. What is y(o)?
16
Let t(n) = -2*n**2 + n + 14. Let m(f) = 3*f**2 - 21*f + 35. Let r(d) = -m(d) - 2*t(d). Give r(-22).
3
Suppose 2*j = -5*g + 14, -2 = 5*j - 8*j + 2*g. Let r(d) = -5 - 6*d - 168*d**j + 169*d**2 + 4*d. Calculate r(4).
3
Let w(o) = -o**3 + 9*o**2 - 7*o - 10. Let p be (-6)/(-18) + (-1 - (-175)/(-3)). Let d = 67 + p. Determine w(d).
-2
Let f(i) = -2*i + 2. Let x(m) be the third derivative of m**4/6 - 7*m**3/6 - 20*m**2 + m. Let a(n) = -3*f(n) - x(n). Calculate a(3).
7
Suppose 3 = 3*w - 3. Suppose w*i + i - 9 = 0, 4*z - 43 = -5*i. Let c(n) = 4 - 15 + 4 + n. Determine c(z).
0
Let w(h) be the first derivative of h**4/4 + 3*h**3 + 3*h**2/2 + 29*h + 4556. Calculate w(-9).
2
Let a(v) = 8*v - 40. Let l be a(6). Suppose 6*h - 2*h = l. Suppose -s = -4 + h. Let w(f) = -2*f**2 + f + 1. Determine w(s).
-5
Let j(c) = 2 + 6*c**2 - c - c**2 - c**2 - c**3. Suppose -5*q = 5, -3*r - 6*q + 38 = -5*q. Suppose 36 = -r*d + 25*d. What is j(d)?
8
Let r(s) = -4*s**2 + 6*s. Let i = 6273 + -6268. Determine r(i).
-70
Let h(r) = -11*r - 100. Let z = -5719 + 5709. Give h(z).
10
Let j(r) = 22*r**2 + 1. Let x = 82 - 108. Let n be (-195)/x*44/(-3). Let z = 111 + n. Calculate j(z).
23
Let l(x) = 8*x**3 - 14*x**2 - x - 82. Let z(m) = 7*m**3 - 14*m**2 - m - 68. Let k(b) = 6*l(b) - 7*z(b). What is k(14)?
-2
Let d = 43 - 6. Suppose 12*s - d = -13. Let o(b) = -2*b**3 + 0*b + 5*b**3 - 4*b**3 - 4*b + 4 + 7*b**s. Give o(6).
16
Suppose -7*x - 59 + 23 = 5*x. Let i(l) = -27*l - 88. Calculate i(x).
-7
Let g(b) = -b**2 - 26*b - 121 - 8*b**2 + 23*b - 40*b + 7*b**2. Give g(-3).
-10
Let p(r) = -505*r - 28. Let g(v) = 34*v + 1. Let i(f) = -30*g(f) - 2*p(f). Calculate i(9).
-64
Let h(j) = 7*j**2 - 18*j + 41. Let v(t) = t**2 - t + 1. Let s(u) = -h(u) + 6*v(u). Calculate s(8).
-3
Let f(m) = 8*m**2 - 237*m**3 + 473*m**3 + 6*m - 5*m**2 - 15 - 237*m**3. Calculate f(3).
3
Let o be -10*(20/4)/(-10). Suppose -g = o, g = 5*c + 3*g + 15. Let d(m) = -5*m**3 - 1 + 0 + 3*m - 8*m**2 - 5*m + 6*m**2. What is d(c)?
4
Let w(s) = 2*s**2 - 7*s + 19. Let y be w(-10). Let k(z) = -13*z + 0 + 1 + 10 + y*z**3 - 290*z**3 + 1 + 12*z**2. Determine k(11).
-10
Let j(x) = -x**3 + x**2 - x - 11. Let d be 31 + -4 + 6/2. Let a = d - 30. Let y be a/((-1 - 1) + 4). Calculate j(y).
-11
Let t(k) = k**2 + 5*k + 2. Let l(i) = -3*i**2 - 8*i - 5. Let n(u) = l(u) + 2*t(u). Give n(10).
-81
Let d(m) be the first derivative of 9*m**2 + 2*m - 10. Let k = 7691 - 7689. Calculate d(k).
38
Let b be 4/(1 + -2)*-1. Suppose -205 = -3*v + 5*w, -5*w + 326 = 4*v + 111. Let o(g) = 0*g - 63 - g + 126 - v. Calculate o(b).
-1
Suppose -114 + 6 + 10 = 98*k. Let l(a) = -a - 1. Let u(n) = -8*n - 4. Let t(p) = 4*l(p) - u(p). Determine t(k).
-4
Let g(m) = -2*m + 2. Let s be 684/28 - (4 + 100/(-28)). Suppose -4*u = -13 + 85. Let h = u + s. Give g(h).
-10
Let r(s) = 10*s + 5. Let b be (-4)/(-6)*315/(-70). What is r(b)?
-25
Let b be (-5 - -1) + 3 + 3 - -2. Let m(u) = -2 - u**2 + 12*u - 4*u - 5*u + 0*u - b*u. Determine m(6).
-44
Let o(d) be the third derivative of d**5/12 - 41*d**4/24 + 8*d**3/3 + 81*d**2 + 24*d. Give o(8).
8
Let i(p) be the first derivative of -p**4/4 + 14*p**3/3 - 11*p**2/2 + 13*p - 3955. What is i(13)?
39
Let i(u) = 2*u**2 - 13*u + 25. Suppose -64*g + 24 = -128*g + 76*g. What is i(g)?
7
Let i(s) = -3*s + 26. Suppose 2*b = -3*b + 2*f + 35, -4*b - 5 = 5*f. Let l(q) = -2*q + 18. Let u(p) = b*i(p) - 7*l(p). Give u(14).
-10
Let c(i) = -2*i**2 + 4*i + 1. Suppose -14 = 2*p - 5*l, -43*p - 14 = -38*p - 2*l. Calculate c(p).
-15
Let d(k) = -k**3 + 37*k**2 - 67*k - 105. Suppose 0 = 4*q + 5*t - 144 - 21, 2*t + 130 = 4*q. Calculate d(q).
0
Let r(x) = -27 + 13*x - 3*x + 12*x**2 - 14*x + 33. Calculate r(3).
102
Let n(a) be the second derivative of -a**4/12 + 17*a**3/6 + 18*a**2 - 333*a + 2. What is n(18)?
18
Let j(m) = -m + 129358 + 129360 - 258720. What is j(-4)?
2
Let a(b) = -b**3 - 4*b**2 - b + 1. Let q be (-5)/((-50)/174) + 6/(-15). Suppose 33 = -q*s + 6*s. Calculate a(s).
-5
Let j(g) = g + 17. Suppose 11*d - 1080 = -4*d. Suppose 